{"id":164,"date":"2024-03-11T22:06:41","date_gmt":"2024-03-11T22:06:41","guid":{"rendered":"https:\/\/satedsp.org.br\/novo\/?page_id=164"},"modified":"2024-09-15T14:42:52","modified_gmt":"2024-09-15T14:42:52","slug":"quem-somos","status":"publish","type":"page","link":"https:\/\/satedsp.org.br\/index.php\/quem-somos\/","title":{"rendered":"Quem somos"},"content":{"rendered":"\t\t<div data-elementor-type=\"wp-page\" data-elementor-id=\"164\" class=\"elementor elementor-164\" data-elementor-post-type=\"page\">\n\t\t\t\t<div class=\"elementor-element elementor-element-fbdd4c9 e-flex e-con-boxed sc_inner_width_none sc_layouts_column_icons_position_left e-con e-parent\" data-id=\"fbdd4c9\" data-element_type=\"container\">\n\t\t\t\t\t<div class=\"e-con-inner\">\n\t\t\t\t<div class=\"elementor-element elementor-element-eced923 sc_fly_static elementor-widget elementor-widget-spacer\" data-id=\"eced923\" data-element_type=\"widget\" data-widget_type=\"spacer.default\">\n\t\t\t\t<div class=\"elementor-widget-container\">\n\t\t\t\t\t\t\t<div class=\"elementor-spacer\">\n\t\t\t<div class=\"elementor-spacer-inner\"><\/div>\n\t\t<\/div>\n\t\t\t\t\t\t<\/div>\n\t\t\t\t<\/div>\n\t\t\t\t\t<\/div>\n\t\t\t\t<\/div>\n\t\t<div class=\"elementor-element elementor-element-841ae1c e-flex e-con-boxed sc_inner_width_none sc_layouts_column_icons_position_left e-con e-parent\" data-id=\"841ae1c\" data-element_type=\"container\">\n\t\t\t\t\t<div class=\"e-con-inner\">\n\t\t\t\t<div class=\"elementor-element elementor-element-cd6bad4 sc_fly_static elementor-widget elementor-widget-heading\" data-id=\"cd6bad4\" data-element_type=\"widget\" data-widget_type=\"heading.default\">\n\t\t\t\t<div class=\"elementor-widget-container\">\n\t\t\t\t\t<h2 class=\"elementor-heading-title elementor-size-default\">HIST\u00d3RIA DO SATED SP\n<\/h2>\t\t\t\t<\/div>\n\t\t\t\t<\/div>\n\t\t\t\t\t<\/div>\n\t\t\t\t<\/div>\n\t\t<div class=\"elementor-element elementor-element-9754f10 e-flex e-con-boxed sc_inner_width_none sc_layouts_column_icons_position_left e-con e-parent\" data-id=\"9754f10\" data-element_type=\"container\">\n\t\t\t\t\t<div class=\"e-con-inner\">\n\t\t\t\t<div class=\"elementor-element elementor-element-b54cd15 elementor-widget-divider--view-line sc_fly_static elementor-widget elementor-widget-divider\" data-id=\"b54cd15\" data-element_type=\"widget\" data-widget_type=\"divider.default\">\n\t\t\t\t<div class=\"elementor-widget-container\">\n\t\t\t\t\t\t\t<div class=\"elementor-divider\">\n\t\t\t<span class=\"elementor-divider-separator\">\n\t\t\t\t\t\t<\/span>\n\t\t<\/div>\n\t\t\t\t\t\t<\/div>\n\t\t\t\t<\/div>\n\t\t\t\t\t<\/div>\n\t\t\t\t<\/div>\n\t\t<div class=\"elementor-element elementor-element-89db885 e-flex e-con-boxed sc_inner_width_none sc_layouts_column_icons_position_left e-con e-parent\" data-id=\"89db885\" data-element_type=\"container\">\n\t\t\t\t\t<div class=\"e-con-inner\">\n\t\t\t\t<div class=\"elementor-element elementor-element-8920f91 elementor-widget__width-initial elementor-widget-mobile__width-initial sc_fly_static elementor-widget elementor-widget-video\" data-id=\"8920f91\" data-element_type=\"widget\" data-settings=\"{&quot;youtube_url&quot;:&quot;https:\\\/\\\/youtu.be\\\/GghnzXpM8dQ&quot;,&quot;video_type&quot;:&quot;youtube&quot;,&quot;controls&quot;:&quot;yes&quot;}\" data-widget_type=\"video.default\">\n\t\t\t\t<div class=\"elementor-widget-container\">\n\t\t\t\t\t\t\t<div class=\"elementor-wrapper elementor-open-inline\">\n\t\t\t<div class=\"elementor-video\"><\/div>\t\t<\/div>\n\t\t\t\t\t\t<\/div>\n\t\t\t\t<\/div>\n\t\t\t\t\t<\/div>\n\t\t\t\t<\/div>\n\t\t<div class=\"elementor-element elementor-element-a34dc6d e-flex e-con-boxed sc_inner_width_none sc_layouts_column_icons_position_left e-con e-parent\" data-id=\"a34dc6d\" data-element_type=\"container\">\n\t\t\t\t\t<div class=\"e-con-inner\">\n\t\t\t\t<div class=\"elementor-element elementor-element-73d0c0f sc_fly_static elementor-widget elementor-widget-spacer\" data-id=\"73d0c0f\" data-element_type=\"widget\" data-widget_type=\"spacer.default\">\n\t\t\t\t<div class=\"elementor-widget-container\">\n\t\t\t\t\t\t\t<div class=\"elementor-spacer\">\n\t\t\t<div class=\"elementor-spacer-inner\"><\/div>\n\t\t<\/div>\n\t\t\t\t\t\t<\/div>\n\t\t\t\t<\/div>\n\t\t\t\t\t<\/div>\n\t\t\t\t<\/div>\n\t\t<div class=\"elementor-element elementor-element-61f2c4c e-flex e-con-boxed sc_inner_width_none sc_layouts_column_icons_position_left e-con e-parent\" data-id=\"61f2c4c\" data-element_type=\"container\">\n\t\t\t\t\t<div class=\"e-con-inner\">\n\t\t\t\t<div class=\"elementor-element elementor-element-dcc6883 sc_fly_static elementor-widget elementor-widget-text-editor\" data-id=\"dcc6883\" data-element_type=\"widget\" data-widget_type=\"text-editor.default\">\n\t\t\t\t<div class=\"elementor-widget-container\">\n\t\t\t\t\t\t\t\t\t<p>No ano de 1934, momento que a luta oper\u00e1ria pela autonomia sindical crescia, e tr\u00eas anos ap\u00f3s a publica\u00e7\u00e3o da Lei de Sindicaliza\u00e7\u00e3o, foi criado, em 18 de dezembro, o Sindicato dos Artistas. Desde l\u00e1, foram in\u00fameras as lutas e conquistas da categoria em que ele esteve presente.<\/p><p>Veja a nossa hist\u00f3ria tamb\u00e9m atrav\u00e9s da linha do tempo abaixo:<\/p><p><strong>Ano de 1925<\/strong> &#8211; A pedido da casa dos artistas, o deputado Nicanor Nascimento apresenta projeto de lei que obriga as empresas teatrais a cumprirem o c\u00f3digo comercial. A lei, cria as categorias de artistas e auxiliares teatrais, obriga a formaliza\u00e7\u00e3o de contratos e fixa a jornada de trabalho semanal entre outros pontos.<br \/>Mas no ano seguinte, est\u00e1 lei ser\u00e1 substitu\u00edda por outra agora incluindo os direitos do autor. Elaborada por uma comiss\u00e3o formada na SBAT, foi definida na c\u00e2mera por um deputado muito conhecido nas Coxilhas, Get\u00falio Vargas.\u00a0<\/p><p><strong>Ano de 1931<\/strong> &#8211; O governo Get\u00falio Vargas p\u00fablica a lei federal de sindicaliza\u00e7\u00e3o e a cria\u00e7\u00e3o de sindicatos de trabalhadores se alastra.\u00a0<\/p><p><strong>Ano de 1933<\/strong> &#8211; Nascia o sindicato dos trabalhadores de teatro de S\u00e3o Paulo.\u00a0<br \/>Os 50 anos em 5 de JK, parecem modestos diante das transforma\u00e7\u00f5es vividas ao longo da d\u00e9cada de 50 no setor cultural. S\u00e3o Paulo v\u00ea nascer o TBC e dezenas de outras companhias teatrais. Nasce a escola de arte dram\u00e1tica, o lend\u00e1rio teatro de arena e o resistente teatro oficina.<\/p><p><strong>Ano de 1964<\/strong> &#8211; O golpe civil militar em poucos meses come\u00e7a a destruir tudo isso. Logo a TV Excelsior, canal 9 de S\u00e3o Paulo, vai firmando o modelo de dramaturgia que em um futuro pr\u00f3ximo se tornar\u00e1 a mania nacional, a telenovela de longa dura\u00e7\u00e3o.<br \/>O departamento de censura assumir\u00e1 o protagonismo de todas as pe\u00e7as em cartaz. Protagonista detest\u00e1vel, amputa algumas obras, pro\u00edbe outras, persegue artistas e prende sindicalistas. Mas a categoria, que gosta de chamar a si mesmo de classe, resiste.<br \/>A inesquec\u00edvel linha de frente marcha com a passeata dos cem mil e reivindica, entre outras coisas, o fim da censura \u00e0s artes.<br \/>Ruth Escobar, a portuguesa mais brasileira desde Carmen Miranda, ergue e manda quebrar as paredes de seu teatro sem temer jamais. Afinal, a ditadura come\u00e7a a perder f\u00f4lego depois de destruir vidas, carreiras e obras. A categoria resiste em 24 de maio de 1978.<\/p><p><strong>Ano de 1978<\/strong> &#8211; \u00c9 publicada a lei 6533. A partir da\u00ed, atrizes e atores n\u00e3o ter\u00e3o que comparecer \u00e0 pol\u00edcia federal, junto com m\u00fasicos e prostitutas, para informarem quem s\u00e3o, onde vivem e retirar o que ficou conhecida como carteirinha de p***.<br \/>Sem sindicatos ou associa\u00e7\u00f5es para defend\u00ea-las, as trabalhadoras do sexo ainda levariam 30 anos para come\u00e7ar a obter algum respeito. <br \/>O ano de 1978 marca tamb\u00e9m a chegada de L\u00e9lia Abramo ao SATED S\u00e3o Paulo, na primeira chapa de oposi\u00e7\u00e3o vitoriosa desde o come\u00e7o da ditadura.<br \/>Ent\u00e3o veio a luta pela anistia. O preju\u00edzo causado pelo regime militar fica cada vez mais evidente. O movimento sindical renasce pouco a pouco.<br \/>Acordamos do pesadelo de assassinatos e torturas realizadas em pr\u00e9dios p\u00fablicos no hor\u00e1rio de expediente.<br \/>Est\u00e1vamos ainda machucados, tontos e sem tempo de olhar o que foi feito de n\u00f3s, n\u00f3s resistimos!<br \/>O cinema \u00e9 arrasado por um aventureiro no poder e o mercado publicit\u00e1rio prospera.\u00a0 O teatro enfrenta in\u00fameras dificuldades, mas os est\u00fadios de dublagem e se profissionalizam em definitivo. A lei Rouanet altera as condi\u00e7\u00f5es de produ\u00e7\u00e3o teatral e faz nascer, com dinheiro p\u00fablico, franchise de espet\u00e1culos da broadway.<br \/>A ind\u00fastria das telenovelas emprega. A produ\u00e7\u00e3o art\u00edstica fica quase invi\u00e1vel por falta de fomento. Sobrevivemos!<\/p><p><strong>Ano de 1990<\/strong> &#8211; Ao final da d\u00e9cada de 1990, hist\u00f3ricos militantes como C\u00e9sar Vieira, jovens e maduros artistas, debatem com um gigante intelectual, Milton Santos, e nasce o movimento arte contra a barb\u00e1rie. Avan\u00e7amos! Voltamos a sonhar com uma pol\u00edtica de estado para a cultura, e o resto, Como a final de Hamlet, a hist\u00f3ria! Os artistas e t\u00e9cnicos do SATED SP, reunidos na chapa transpar\u00eancia inova\u00e7\u00e3o, tem fome de ajudar e fazer essa hist\u00f3ria. Sonho em propiciar condi\u00e7\u00f5es cada vez melhores para que, t\u00e9cnicos e artistas da arte da cultura e do entretenimento, possam seguir juntos n\u00e3o apenas nos palcos, picadeiros, coxias e passarelas. Mas tamb\u00e9m nas lutas para garantir seus direitos de trabalhadores.<br \/>Repetindo as palavras de L\u00e9lia Abramo, cuja mem\u00f3ria inspiradora n\u00e3o podia faltar neste dia &#8220;A nossa posse, hoje, \u00e9 o coroamento de pelo menos um ano de luta e de trabalho (&#8230;) um grupo de pessoas, que mesmo inexperientes (&#8230;) mesmo sangradas e retalhados em suas aspira\u00e7\u00f5es mais profundas como artistas e cidad\u00e3os, mesmo assim e muito por causa disso, descobriram o entusiasmo, o despertar da consci\u00eancia de mais uma vez acreditar na possibilidade do encontro, como coletivo, na uni\u00e3o como caminho para a cria\u00e7\u00e3o de espa\u00e7o onde, como trabalhadores, pudessem se exprimir e possibilitar a express\u00e3o de toda uma categoria&#8221;.<\/p>\t\t\t\t\t\t\t\t<\/div>\n\t\t\t\t<\/div>\n\t\t\t\t\t<\/div>\n\t\t\t\t<\/div>\n\t\t\t\t<\/div>\n\t\t","protected":false},"excerpt":{"rendered":"<p>HIST\u00d3RIA DO SATED SP No ano de 1934, momento que a luta oper\u00e1ria pela autonomia sindical crescia, e tr\u00eas anos ap\u00f3s a publica\u00e7\u00e3o da Lei de Sindicaliza\u00e7\u00e3o, foi criado, em 18 de dezembro, o Sindicato dos Artistas. Desde l\u00e1, foram in\u00fameras as lutas e conquistas da categoria em que ele esteve presente. Veja a nossa&hellip;<\/p>\n","protected":false},"author":1,"featured_media":0,"parent":0,"menu_order":0,"comment_status":"closed","ping_status":"closed","template":"elementor_header_footer","meta":{"cybocfi_hide_featured_image":"","footnotes":""},"class_list":["post-164","page","type-page","status-publish","hentry"],"_links":{"self":[{"href":"https:\/\/satedsp.org.br\/index.php\/wp-json\/wp\/v2\/pages\/164","targetHints":{"allow":["GET"]}}],"collection":[{"href":"https:\/\/satedsp.org.br\/index.php\/wp-json\/wp\/v2\/pages"}],"about":[{"href":"https:\/\/satedsp.org.br\/index.php\/wp-json\/wp\/v2\/types\/page"}],"author":[{"embeddable":true,"href":"https:\/\/satedsp.org.br\/index.php\/wp-json\/wp\/v2\/users\/1"}],"replies":[{"embeddable":true,"href":"https:\/\/satedsp.org.br\/index.php\/wp-json\/wp\/v2\/comments?post=164"}],"version-history":[{"count":40,"href":"https:\/\/satedsp.org.br\/index.php\/wp-json\/wp\/v2\/pages\/164\/revisions"}],"predecessor-version":[{"id":19851,"href":"https:\/\/satedsp.org.br\/index.php\/wp-json\/wp\/v2\/pages\/164\/revisions\/19851"}],"wp:attachment":[{"href":"https:\/\/satedsp.org.br\/index.php\/wp-json\/wp\/v2\/media?parent=164"}],"curies":[{"name":"wp","href":"https:\/\/api.w.org\/{rel}","templated":true}]}}