{"id":17067,"date":"2018-06-06T01:25:48","date_gmt":"2018-06-06T04:25:48","guid":{"rendered":"http:\/\/satedsp.tmp.k8.com.br\/?page_id=87"},"modified":"2018-06-06T01:25:48","modified_gmt":"2018-06-06T04:25:48","slug":"diretoria","status":"publish","type":"page","link":"https:\/\/satedsp.org.br\/index.php\/quem-somos-2\/diretoria\/","title":{"rendered":"Diretoria"},"content":{"rendered":"<div id=\"pl-87\"  class=\"panel-layout\" >\n<div id=\"pg-87-0\"  class=\"panel-grid panel-no-style\"  data-style=\"{&quot;background_image_attachment&quot;:false,&quot;background_display&quot;:&quot;tile&quot;,&quot;full_height&quot;:&quot;&quot;,&quot;cell_alignment&quot;:&quot;flex-start&quot;}\" >\n<div id=\"pgc-87-0-0\"  class=\"panel-grid-cell\"  data-weight=\"0.3\" >\n<div id=\"panel-87-0-0-0\" class=\"so-panel widget widget_nav_menu panel-first-child panel-last-child\" data-index=\"0\" data-style=\"{&quot;background_image_attachment&quot;:false,&quot;background_display&quot;:&quot;tile&quot;}\" >[siteorigin_widget class=&#8221;WP_Nav_Menu_Widget&#8221;]<input type=\"hidden\" value=\"{&quot;instance&quot;:{&quot;nav_menu&quot;:10,&quot;widget_logic&quot;:&quot;&quot;,&quot;so_sidebar_emulator_id&quot;:&quot;nav_menu-8710000&quot;,&quot;option_name&quot;:&quot;widget_nav_menu&quot;},&quot;args&quot;:{&quot;before_widget&quot;:&quot;&lt;div id=\\&quot;panel-87-0-0-0\\&quot; class=\\&quot;so-panel widget widget_nav_menu panel-first-child panel-last-child\\&quot; data-index=\\&quot;0\\&quot; data-style=\\&quot;{&amp;quot;background_image_attachment&amp;quot;:false,&amp;quot;background_display&amp;quot;:&amp;quot;tile&amp;quot;}\\&quot; &gt;&quot;,&quot;after_widget&quot;:&quot;&lt;\\\/div&gt;&quot;,&quot;before_title&quot;:&quot;&lt;h3 class=\\&quot;widget-title\\&quot;&gt;&quot;,&quot;after_title&quot;:&quot;&lt;\\\/h3&gt;&quot;,&quot;widget_id&quot;:&quot;widget-0-0-0&quot;}}\" \/>[\/siteorigin_widget]<\/div>\n<\/div>\n<div id=\"pgc-87-0-1\"  class=\"panel-grid-cell\"  data-weight=\"0.7\" >\n<div id=\"panel-87-0-1-0\" class=\"so-panel widget widget_sow-editor panel-first-child panel-last-child\" data-index=\"1\" data-style=\"{&quot;background_image_attachment&quot;:false,&quot;background_display&quot;:&quot;tile&quot;,&quot;background_image_size&quot;:&quot;full&quot;,&quot;background_image_opacity&quot;:&quot;100&quot;,&quot;border_thickness&quot;:&quot;1px&quot;}\" >\n<div\n\t\t\t\n\t\t\tclass=\"so-widget-sow-editor so-widget-sow-editor-base\"\n\t\t\t\n\t\t><\/p>\n<h3 class=\"widget-title\">Diretoria SATED\/SP \u2013 Quadri\u00eanio \u2013 2022 \/ 2025<\/h3>\n<div class=\"siteorigin-widget-tinymce textwidget\">\n<p>DIRETORIA EXECUTIVA<\/p>\n<ul>\n<li>Presidente: Rita Teles<\/li>\n<li>Vice- presidente: : Gabrielle  Ara\u00fajo<\/li>\n<li>Secret\u00e1ria Geral: GCaio Martinez<\/li>\n<li>Diretor Financeiro: Jandilson Vieira<\/li>\n<li>Diretor Administrativo: Luis Sandei<\/li>\n<li>Diretor de Patrim\u00f4nio: Joca Sanches<\/li>\n<\/ul>\n<p>DIRETORIA EFETIVA<\/p>\n<ul>\n<li>Diretora Regional da Capital e Grande S\u00e3o Paulo: Tatiane Damasceno<\/li>\n<li>Diretor Regional Interior:\u00a0 Jos\u00e9 Sim\u00f5es<\/li>\n<li>Diretor Regional Baixada: Rondinely Lima<\/li>\n<\/ul>\n<p>Diretores Conselho Fiscal:<\/p>\n<ul>\n<li>Cintia Pelli<\/li>\n<li>Poliana Helena<\/li>\n<li>Marcio Jacovani<\/li>\n<\/ul>\n<p>Diretores Conselho \u00c9tica:<\/p>\n<ul>\n<li>Alessandra Cavagna<\/li>\n<li>Ang\u00e9lica Santos<\/li>\n<\/ul>\n<p>Diretores Conselho de Capacita\u00e7\u00e3o:<\/p>\n<ul>\n<li>Angela Couto<\/li>\n<li>Valqu\u00edria Sab\u00f3ia<\/li>\n<li>Gabriela Morato<\/li>\n<\/ul>\n<p>&nbsp;<\/p>\n<p>SUPLENTES:<\/p>\n<p>Taty Godoi<\/p>\n<p>Raul Teixeira<\/p>\n<p>Giovanna Kelly<\/p>\n<p>Paulete Pink<\/p>\n<\/div>\n<\/div>\n<\/div>\n<\/div>\n<\/div>\n<\/div>\n","protected":false},"excerpt":{"rendered":"<p>[siteorigin_widget class=&#8221;WP_Nav_Menu_Widget&#8221;][\/siteorigin_widget] Diretoria SATED\/SP \u2013 Quadri\u00eanio \u2013 2022 \/ 2025 DIRETORIA EXECUTIVA Presidente: Rita Teles Vice- presidente: : Gabrielle Ara\u00fajo Secret\u00e1ria Geral: GCaio Martinez Diretor Financeiro: Jandilson Vieira Diretor Administrativo: Luis Sandei Diretor de Patrim\u00f4nio: Joca Sanches DIRETORIA EFETIVA Diretora Regional da Capital e Grande S\u00e3o Paulo: Tatiane Damasceno Diretor Regional Interior:\u00a0 Jos\u00e9 Sim\u00f5es Diretor&hellip;<\/p>\n","protected":false},"author":1,"featured_media":0,"parent":17061,"menu_order":0,"comment_status":"closed","ping_status":"closed","template":"","meta":{"cybocfi_hide_featured_image":"","footnotes":""},"class_list":["post-17067","page","type-page","status-publish","hentry"],"_links":{"self":[{"href":"https:\/\/satedsp.org.br\/index.php\/wp-json\/wp\/v2\/pages\/17067","targetHints":{"allow":["GET"]}}],"collection":[{"href":"https:\/\/satedsp.org.br\/index.php\/wp-json\/wp\/v2\/pages"}],"about":[{"href":"https:\/\/satedsp.org.br\/index.php\/wp-json\/wp\/v2\/types\/page"}],"author":[{"embeddable":true,"href":"https:\/\/satedsp.org.br\/index.php\/wp-json\/wp\/v2\/users\/1"}],"replies":[{"embeddable":true,"href":"https:\/\/satedsp.org.br\/index.php\/wp-json\/wp\/v2\/comments?post=17067"}],"version-history":[{"count":0,"href":"https:\/\/satedsp.org.br\/index.php\/wp-json\/wp\/v2\/pages\/17067\/revisions"}],"up":[{"embeddable":true,"href":"https:\/\/satedsp.org.br\/index.php\/wp-json\/wp\/v2\/pages\/17061"}],"wp:attachment":[{"href":"https:\/\/satedsp.org.br\/index.php\/wp-json\/wp\/v2\/media?parent=17067"}],"curies":[{"name":"wp","href":"https:\/\/api.w.org\/{rel}","templated":true}]}}