{"id":17088,"date":"2018-06-20T10:42:37","date_gmt":"2018-06-20T13:42:37","guid":{"rendered":"http:\/\/satedsp.tmp.k8.com.br\/?page_id=310"},"modified":"2018-06-20T10:42:37","modified_gmt":"2018-06-20T13:42:37","slug":"assistencia-funeraria","status":"publish","type":"page","link":"https:\/\/satedsp.org.br\/index.php\/seja-socio-2\/beneficios\/assistencia-funeraria\/","title":{"rendered":"Assist\u00eancia Funer\u00e1ria"},"content":{"rendered":"<div id=\"pl-310\"  class=\"panel-layout\" >\n<div id=\"pg-310-0\"  class=\"panel-grid panel-no-style\"  data-style=\"{&quot;background_image_attachment&quot;:false,&quot;background_display&quot;:&quot;tile&quot;,&quot;cell_alignment&quot;:&quot;flex-start&quot;}\" >\n<div id=\"pgc-310-0-0\"  class=\"panel-grid-cell\"  data-style=\"{&quot;background_image_attachment&quot;:false,&quot;background_display&quot;:&quot;tile&quot;,&quot;vertical_alignment&quot;:&quot;auto&quot;}\"  data-weight=\"0.3\" >\n<div id=\"panel-310-0-0-0\" class=\"so-panel widget widget_nav_menu panel-first-child panel-last-child\" data-index=\"0\" data-style=\"{&quot;background_image_attachment&quot;:false,&quot;background_display&quot;:&quot;tile&quot;}\" >[siteorigin_widget class=&#8221;WP_Nav_Menu_Widget&#8221;]<input type=\"hidden\" value=\"{&quot;instance&quot;:{&quot;nav_menu&quot;:12,&quot;widget_logic&quot;:&quot;&quot;},&quot;args&quot;:{&quot;before_widget&quot;:&quot;&lt;div id=\\&quot;panel-310-0-0-0\\&quot; class=\\&quot;so-panel widget widget_nav_menu panel-first-child panel-last-child\\&quot; data-index=\\&quot;0\\&quot; data-style=\\&quot;{&amp;quot;background_image_attachment&amp;quot;:false,&amp;quot;background_display&amp;quot;:&amp;quot;tile&amp;quot;}\\&quot; &gt;&quot;,&quot;after_widget&quot;:&quot;&lt;\\\/div&gt;&quot;,&quot;before_title&quot;:&quot;&lt;h3 class=\\&quot;widget-title\\&quot;&gt;&quot;,&quot;after_title&quot;:&quot;&lt;\\\/h3&gt;&quot;,&quot;widget_id&quot;:&quot;widget-0-0-0&quot;}}\" \/>[\/siteorigin_widget]<\/div>\n<\/div>\n<div id=\"pgc-310-0-1\"  class=\"panel-grid-cell\"  data-style=\"{&quot;background_image_attachment&quot;:false,&quot;background_display&quot;:&quot;tile&quot;,&quot;vertical_alignment&quot;:&quot;auto&quot;}\"  data-weight=\"0.7\" >\n<div id=\"panel-310-0-1-0\" class=\"so-panel widget widget_sow-editor panel-first-child panel-last-child\" data-index=\"1\" data-style=\"{&quot;background_image_attachment&quot;:false,&quot;background_display&quot;:&quot;tile&quot;}\" >\n<div class=\"so-widget-sow-editor so-widget-sow-editor-base\">\n<h3 class=\"widget-title\">Assist\u00eancia Funer\u00e1ria<\/h3>\n<div class=\"siteorigin-widget-tinymce textwidget\">\n<p><img decoding=\"async\" class=\"size-medium wp-image-2462 alignleft\" src=\"https:\/\/satedsp.org.br\/novo\/wp-content\/uploads\/2018\/08\/Mausoleu-300x157.jpg\" alt=\"\" width=\"300\" height=\"157\" srcset=\"https:\/\/satedsp.org.br\/wp-content\/uploads\/2018\/08\/Mausoleu-300x157.jpg 300w, https:\/\/satedsp.org.br\/wp-content\/uploads\/2018\/08\/Mausoleu-1024x537.jpg 1024w, https:\/\/satedsp.org.br\/wp-content\/uploads\/2018\/08\/Mausoleu-768x403.jpg 768w, https:\/\/satedsp.org.br\/wp-content\/uploads\/2018\/08\/Mausoleu-1536x806.jpg 1536w, https:\/\/satedsp.org.br\/wp-content\/uploads\/2018\/08\/Mausoleu-2048x1075.jpg 2048w, https:\/\/satedsp.org.br\/wp-content\/uploads\/2018\/08\/Mausoleu-370x194.jpg 370w, https:\/\/satedsp.org.br\/wp-content\/uploads\/2018\/08\/Mausoleu-1290x677.jpg 1290w, https:\/\/satedsp.org.br\/wp-content\/uploads\/2018\/08\/Mausoleu-1080x567.jpg 1080w, https:\/\/satedsp.org.br\/wp-content\/uploads\/2018\/08\/Mausoleu-865x454.jpg 865w, https:\/\/satedsp.org.br\/wp-content\/uploads\/2018\/08\/Mausoleu-642x337.jpg 642w\" sizes=\"(max-width: 300px) 100vw, 300px\" \/>Cemit\u00e9rio de Campo Grande &#8211; Av. Nossa Senhora do Sabar\u00e1 &#8211; Santo Amaro, concess\u00e3o da Prefeitura de\u00a0S\u00e3o Paulo junto ao SATED-SP. O Sepultamento somente ser\u00e1 feito para o\/a associadxs e depende da disponibilidade. Ossu\u00e1rio dispon\u00edvel no pr\u00f3prio tumulo &#8211; Servi\u00e7o gratuito<\/p>\n<\/div>\n<\/div>\n<\/div>\n<\/div>\n<\/div>\n<\/div>\n","protected":false},"excerpt":{"rendered":"<p>[siteorigin_widget class=&#8221;WP_Nav_Menu_Widget&#8221;][\/siteorigin_widget] Assist\u00eancia Funer\u00e1ria Cemit\u00e9rio de Campo Grande &#8211; Av. Nossa Senhora do Sabar\u00e1 &#8211; Santo Amaro, concess\u00e3o da Prefeitura de\u00a0S\u00e3o Paulo junto ao SATED-SP. O Sepultamento somente ser\u00e1 feito para o\/a associadxs e depende da disponibilidade. Ossu\u00e1rio dispon\u00edvel no pr\u00f3prio tumulo &#8211; Servi\u00e7o gratuito<\/p>\n","protected":false},"author":1,"featured_media":0,"parent":17076,"menu_order":0,"comment_status":"closed","ping_status":"closed","template":"","meta":{"cybocfi_hide_featured_image":"","footnotes":""},"class_list":["post-17088","page","type-page","status-publish","hentry"],"_links":{"self":[{"href":"https:\/\/satedsp.org.br\/index.php\/wp-json\/wp\/v2\/pages\/17088","targetHints":{"allow":["GET"]}}],"collection":[{"href":"https:\/\/satedsp.org.br\/index.php\/wp-json\/wp\/v2\/pages"}],"about":[{"href":"https:\/\/satedsp.org.br\/index.php\/wp-json\/wp\/v2\/types\/page"}],"author":[{"embeddable":true,"href":"https:\/\/satedsp.org.br\/index.php\/wp-json\/wp\/v2\/users\/1"}],"replies":[{"embeddable":true,"href":"https:\/\/satedsp.org.br\/index.php\/wp-json\/wp\/v2\/comments?post=17088"}],"version-history":[{"count":0,"href":"https:\/\/satedsp.org.br\/index.php\/wp-json\/wp\/v2\/pages\/17088\/revisions"}],"up":[{"embeddable":true,"href":"https:\/\/satedsp.org.br\/index.php\/wp-json\/wp\/v2\/pages\/17076"}],"wp:attachment":[{"href":"https:\/\/satedsp.org.br\/index.php\/wp-json\/wp\/v2\/media?parent=17088"}],"curies":[{"name":"wp","href":"https:\/\/api.w.org\/{rel}","templated":true}]}}