{"id":17089,"date":"2018-06-20T10:43:30","date_gmt":"2018-06-20T13:43:30","guid":{"rendered":"http:\/\/satedsp.tmp.k8.com.br\/?page_id=312"},"modified":"2018-06-20T10:43:30","modified_gmt":"2018-06-20T13:43:30","slug":"assistencia-na-aposentadoria","status":"publish","type":"page","link":"https:\/\/satedsp.org.br\/index.php\/seja-socio-2\/beneficios\/assistencia-na-aposentadoria\/","title":{"rendered":"Assist\u00eancia na aposentadoria"},"content":{"rendered":"<div id=\"pl-312\"  class=\"panel-layout\" >\n<div id=\"pg-312-0\"  class=\"panel-grid panel-no-style\"  data-style=\"{&quot;background_image_attachment&quot;:false,&quot;background_display&quot;:&quot;tile&quot;,&quot;cell_alignment&quot;:&quot;flex-start&quot;}\" >\n<div id=\"pgc-312-0-0\"  class=\"panel-grid-cell\"  data-weight=\"0.3\" >\n<div id=\"panel-312-0-0-0\" class=\"so-panel widget widget_nav_menu panel-first-child panel-last-child\" data-index=\"0\" data-style=\"{&quot;background_image_attachment&quot;:false,&quot;background_display&quot;:&quot;tile&quot;}\" >[siteorigin_widget class=&#8221;WP_Nav_Menu_Widget&#8221;]<input type=\"hidden\" value=\"{&quot;instance&quot;:{&quot;nav_menu&quot;:12,&quot;widget_logic&quot;:&quot;&quot;},&quot;args&quot;:{&quot;before_widget&quot;:&quot;&lt;div id=\\&quot;panel-312-0-0-0\\&quot; class=\\&quot;so-panel widget widget_nav_menu panel-first-child panel-last-child\\&quot; data-index=\\&quot;0\\&quot; data-style=\\&quot;{&amp;quot;background_image_attachment&amp;quot;:false,&amp;quot;background_display&amp;quot;:&amp;quot;tile&amp;quot;}\\&quot; &gt;&quot;,&quot;after_widget&quot;:&quot;&lt;\\\/div&gt;&quot;,&quot;before_title&quot;:&quot;&lt;h3 class=\\&quot;widget-title\\&quot;&gt;&quot;,&quot;after_title&quot;:&quot;&lt;\\\/h3&gt;&quot;,&quot;widget_id&quot;:&quot;widget-0-0-0&quot;}}\" \/>[\/siteorigin_widget]<\/div>\n<\/div>\n<div id=\"pgc-312-0-1\"  class=\"panel-grid-cell\"  data-weight=\"0.7\" >\n<div id=\"panel-312-0-1-0\" class=\"so-panel widget widget_sow-editor panel-first-child panel-last-child\" data-index=\"1\" data-style=\"{&quot;background_image_attachment&quot;:false,&quot;background_display&quot;:&quot;tile&quot;}\" >\n<div class=\"so-widget-sow-editor so-widget-sow-editor-base\">\n<h3 class=\"widget-title\">Assist\u00eancia na aposentadoria<\/h3>\n<div class=\"siteorigin-widget-tinymce textwidget\">\n<p><img decoding=\"async\" class=\"size-medium wp-image-2452 alignleft\" src=\"https:\/\/satedsp.org.br\/novo\/wp-content\/uploads\/2018\/08\/Aposentadoria-300x157.jpg\" alt=\"\" width=\"300\" height=\"157\" srcset=\"https:\/\/satedsp.org.br\/wp-content\/uploads\/2018\/08\/Aposentadoria-300x157.jpg 300w, https:\/\/satedsp.org.br\/wp-content\/uploads\/2018\/08\/Aposentadoria-1024x537.jpg 1024w, https:\/\/satedsp.org.br\/wp-content\/uploads\/2018\/08\/Aposentadoria-768x403.jpg 768w, https:\/\/satedsp.org.br\/wp-content\/uploads\/2018\/08\/Aposentadoria-1536x806.jpg 1536w, https:\/\/satedsp.org.br\/wp-content\/uploads\/2018\/08\/Aposentadoria-2048x1075.jpg 2048w, https:\/\/satedsp.org.br\/wp-content\/uploads\/2018\/08\/Aposentadoria-370x194.jpg 370w, https:\/\/satedsp.org.br\/wp-content\/uploads\/2018\/08\/Aposentadoria-1290x677.jpg 1290w, https:\/\/satedsp.org.br\/wp-content\/uploads\/2018\/08\/Aposentadoria-1080x567.jpg 1080w, https:\/\/satedsp.org.br\/wp-content\/uploads\/2018\/08\/Aposentadoria-865x454.jpg 865w, https:\/\/satedsp.org.br\/wp-content\/uploads\/2018\/08\/Aposentadoria-642x337.jpg 642w\" sizes=\"(max-width: 300px) 100vw, 300px\" \/>Aposentadoria por idade por tempo de contribui\u00e7\u00e3o, Aposentadoria Especial, Auxilio doen\u00e7a, Auxilio natalidade, Pens\u00e3o por morte, Amparo assistencial \u00e0 pessoa idosa ou deficiente. Contagem de tempo de contribui\u00e7\u00e3o, orienta\u00e7\u00e3o sobre cadastramento e recolhimento, inscri\u00e7\u00e3o como contribuinte individual (aut\u00f4nomas) &#8211; Servi\u00e7o gratuito para associados atrav\u00e9s de agendamento com o setor social na sede do SATED-SP.<\/p>\n<\/div>\n<\/div>\n<\/div>\n<\/div>\n<\/div>\n<\/div>\n","protected":false},"excerpt":{"rendered":"<p>[siteorigin_widget class=&#8221;WP_Nav_Menu_Widget&#8221;][\/siteorigin_widget] Assist\u00eancia na aposentadoria Aposentadoria por idade por tempo de contribui\u00e7\u00e3o, Aposentadoria Especial, Auxilio doen\u00e7a, Auxilio natalidade, Pens\u00e3o por morte, Amparo assistencial \u00e0 pessoa idosa ou deficiente. Contagem de tempo de contribui\u00e7\u00e3o, orienta\u00e7\u00e3o sobre cadastramento e recolhimento, inscri\u00e7\u00e3o como contribuinte individual (aut\u00f4nomas) &#8211; Servi\u00e7o gratuito para associados atrav\u00e9s de agendamento com o setor social&hellip;<\/p>\n","protected":false},"author":1,"featured_media":0,"parent":17076,"menu_order":0,"comment_status":"closed","ping_status":"closed","template":"","meta":{"cybocfi_hide_featured_image":"","footnotes":""},"class_list":["post-17089","page","type-page","status-publish","hentry"],"_links":{"self":[{"href":"https:\/\/satedsp.org.br\/index.php\/wp-json\/wp\/v2\/pages\/17089","targetHints":{"allow":["GET"]}}],"collection":[{"href":"https:\/\/satedsp.org.br\/index.php\/wp-json\/wp\/v2\/pages"}],"about":[{"href":"https:\/\/satedsp.org.br\/index.php\/wp-json\/wp\/v2\/types\/page"}],"author":[{"embeddable":true,"href":"https:\/\/satedsp.org.br\/index.php\/wp-json\/wp\/v2\/users\/1"}],"replies":[{"embeddable":true,"href":"https:\/\/satedsp.org.br\/index.php\/wp-json\/wp\/v2\/comments?post=17089"}],"version-history":[{"count":0,"href":"https:\/\/satedsp.org.br\/index.php\/wp-json\/wp\/v2\/pages\/17089\/revisions"}],"up":[{"embeddable":true,"href":"https:\/\/satedsp.org.br\/index.php\/wp-json\/wp\/v2\/pages\/17076"}],"wp:attachment":[{"href":"https:\/\/satedsp.org.br\/index.php\/wp-json\/wp\/v2\/media?parent=17089"}],"curies":[{"name":"wp","href":"https:\/\/api.w.org\/{rel}","templated":true}]}}