{"id":20114,"date":"2024-10-29T10:27:16","date_gmt":"2024-10-29T10:27:16","guid":{"rendered":"https:\/\/satedsp.org.br\/novo\/?page_id=20114"},"modified":"2024-12-30T22:37:48","modified_gmt":"2024-12-30T22:37:48","slug":"perguntas-frequentes","status":"publish","type":"page","link":"https:\/\/satedsp.org.br\/index.php\/perguntas-frequentes\/","title":{"rendered":"Perguntas Frequentes"},"content":{"rendered":"\t\t<div data-elementor-type=\"wp-page\" data-elementor-id=\"20114\" class=\"elementor elementor-20114\" data-elementor-post-type=\"page\">\n\t\t\t\t<div class=\"elementor-element elementor-element-fe59229 e-flex e-con-boxed sc_inner_width_none sc_layouts_column_icons_position_left e-con e-parent\" data-id=\"fe59229\" data-element_type=\"container\">\n\t\t\t\t\t<div class=\"e-con-inner\">\n\t\t\t\t<div class=\"elementor-element elementor-element-78f802f sc_fly_static elementor-widget elementor-widget-spacer\" data-id=\"78f802f\" data-element_type=\"widget\" data-widget_type=\"spacer.default\">\n\t\t\t\t<div class=\"elementor-widget-container\">\n\t\t\t\t\t\t\t<div class=\"elementor-spacer\">\n\t\t\t<div class=\"elementor-spacer-inner\"><\/div>\n\t\t<\/div>\n\t\t\t\t\t\t<\/div>\n\t\t\t\t<\/div>\n\t\t\t\t\t<\/div>\n\t\t\t\t<\/div>\n\t\t<div class=\"elementor-element elementor-element-79ae9f0 e-flex e-con-boxed sc_inner_width_none sc_layouts_column_icons_position_left e-con e-parent\" data-id=\"79ae9f0\" data-element_type=\"container\">\n\t\t\t\t\t<div class=\"e-con-inner\">\n\t\t\t\t<div class=\"elementor-element elementor-element-04dc6c4 sc_fly_static elementor-widget elementor-widget-heading\" data-id=\"04dc6c4\" data-element_type=\"widget\" data-widget_type=\"heading.default\">\n\t\t\t\t<div class=\"elementor-widget-container\">\n\t\t\t\t\t<h2 class=\"elementor-heading-title elementor-size-default\">Perguntas Frequentes<\/h2>\t\t\t\t<\/div>\n\t\t\t\t<\/div>\n\t\t\t\t\t<\/div>\n\t\t\t\t<\/div>\n\t\t<div class=\"elementor-element elementor-element-51b6558 e-flex e-con-boxed sc_inner_width_none sc_layouts_column_icons_position_left e-con e-parent\" data-id=\"51b6558\" data-element_type=\"container\">\n\t\t\t\t\t<div class=\"e-con-inner\">\n\t\t\t\t<div class=\"elementor-element elementor-element-2ba0f56 elementor-widget-divider--view-line sc_fly_static elementor-widget elementor-widget-divider\" data-id=\"2ba0f56\" data-element_type=\"widget\" data-widget_type=\"divider.default\">\n\t\t\t\t<div class=\"elementor-widget-container\">\n\t\t\t\t\t\t\t<div class=\"elementor-divider\">\n\t\t\t<span class=\"elementor-divider-separator\">\n\t\t\t\t\t\t<\/span>\n\t\t<\/div>\n\t\t\t\t\t\t<\/div>\n\t\t\t\t<\/div>\n\t\t\t\t\t<\/div>\n\t\t\t\t<\/div>\n\t\t<div class=\"elementor-element elementor-element-184a5ec e-flex e-con-boxed sc_inner_width_none sc_layouts_column_icons_position_left e-con e-parent\" data-id=\"184a5ec\" data-element_type=\"container\">\n\t\t\t\t\t<div class=\"e-con-inner\">\n\t\t\t\t<div class=\"elementor-element elementor-element-042bf8c elementor-widget__width-initial sc_fly_static elementor-widget elementor-widget-text-editor\" data-id=\"042bf8c\" data-element_type=\"widget\" data-widget_type=\"text-editor.default\">\n\t\t\t\t<div class=\"elementor-widget-container\">\n\t\t\t\t\t\t\t\t\t<p><b>1) Como obtenho meu Registro Profissional (DRT)?<br><\/b><span style=\"font-size: 17px; font-weight: 400; text-align: var(--text-align); background-color: var(--theme-color-bg_color); color: var(--theme-color-text); letter-spacing: -0.01em;\">Existem duas formas de obter o Registro Profissional (DRT):<br><\/span><span style=\"font-size: 17px; font-weight: 400; text-align: var(--text-align); background-color: var(--theme-color-bg_color); color: var(--theme-color-text); letter-spacing: -0.01em;\">&#8211; <\/span><b style=\"font-family: inherit; font-style: inherit; text-align: var(--text-align); background-color: var(--theme-color-bg_color); color: var(--theme-color-text); letter-spacing: -0.01em;\">Cursos<\/b><span style=\"font-size: 17px; font-weight: 400; text-align: var(--text-align); background-color: var(--theme-color-bg_color); color: var(--theme-color-text); letter-spacing: -0.01em;\">: Atrav\u00e9s de forma\u00e7\u00e3o em escolas ou universidades que s\u00e3o registradas pelo MEC, assim, ao finalizar o curso a escola ir\u00e1 conceder o certificado, documento que deve ser protocolado no Minist\u00e9rio do Trabalho atrav\u00e9s de sua conta no gov!<br><\/span><span style=\"font-size: 17px; font-weight: 400; text-align: var(--text-align); background-color: var(--theme-color-bg_color); color: var(--theme-color-text); letter-spacing: -0.01em;\">&#8211; <\/span><b style=\"font-family: inherit; font-style: inherit; text-align: var(--text-align); background-color: var(--theme-color-bg_color); color: var(--theme-color-text); letter-spacing: -0.01em;\">SATED\/SP<\/b><span style=\"font-size: 17px; font-weight: 400; text-align: var(--text-align); background-color: var(--theme-color-bg_color); color: var(--theme-color-text); letter-spacing: -0.01em;\">: Caso o requerente n\u00e3o tenha certificado de forma\u00e7\u00e3o em escolas ou universidades registradas pelo MEC, o SATED oferece um \u201cAtestado de Capacita\u00e7\u00e3o\u201d atrav\u00e9s de um processo de avalia\u00e7\u00e3o do hist\u00f3rico profissional. Todo o processo \u00e9 online e realizado atrav\u00e9s do nosso site, n\u00e3o sendo necess\u00e1rio trazer presencialmente nenhum documento. Acesse as abas DRT &gt; COMO FUNCIONA e l\u00e1 est\u00e1 dispon\u00edvel as instru\u00e7\u00f5es e o link para preenchimento de Requerimento. Pelo Requerimento voc\u00ea ir\u00e1 preencher seus dados e submeter sua documenta\u00e7\u00e3o comprobat\u00f3ria para avali\u00e7\u00e3o, todo o feedback sobre seu processo ser\u00e1 online, sendo voc\u00ea aprovado ou reprovado.<\/span><\/p>\n<p><\/p>\n<p><b style=\"font-family: inherit; font-style: inherit; text-align: var(--text-align); background-color: var(--theme-color-bg_color); color: var(--theme-color-text); letter-spacing: -0.01em;\">2)&nbsp;<\/b><b>Quais os documentos necess\u00e1rios?<br><\/b><span style=\"font-size: 17px; font-weight: 400; text-align: var(--text-align); background-color: var(--theme-color-bg_color); color: var(--theme-color-text); letter-spacing: -0.01em;\">Em nosso site, na aba <\/span><b style=\"font-family: inherit; font-style: inherit; text-align: var(--text-align); background-color: var(--theme-color-bg_color); color: var(--theme-color-text); letter-spacing: -0.01em;\">DRT &gt; COMO FUNCIONA<\/b><span style=\"font-size: 17px; font-weight: 400; text-align: var(--text-align); background-color: var(--theme-color-bg_color); color: var(--theme-color-text); letter-spacing: -0.01em;\"> voc\u00ea ir\u00e1 encontrar as normativas de cada categoria, l\u00e1 est\u00e1 expresso a carga hor\u00e1ria e quais os documentos comprobat\u00f3rios para cada profiss\u00e3o.<\/span><\/p>\n<p><\/p>\n<p><b>3) O SATEDSP emite o DRT?<br><\/b><span style=\"font-size: 17px; font-weight: 400; text-align: var(--text-align); background-color: var(--theme-color-bg_color); color: var(--theme-color-text); letter-spacing: -0.01em;\">N\u00e3o, o SATED\/SP emite o Atestado de Capacita\u00e7\u00e3o, documento que deve ser protocolado no Minist\u00e9rio do Trabalho, sendo o Minist\u00e9rio o respons\u00e1vel por emitir o registro profissional, popularmente chamado de \u201cDRT\u201d.<\/span><\/p>\n<p><\/p>\n<p><b>4) Existe DRT provis\u00f3rio?&nbsp;<br><\/b><span style=\"font-size: 17px; font-weight: 400; text-align: var(--text-align); background-color: var(--theme-color-bg_color); color: var(--theme-color-text); letter-spacing: -0.01em;\">N\u00e3o, o DRT provis\u00f3rio n\u00e3o existe e n\u00e3o \u00e9 concedido pelo SATEDSP.<\/span><\/p>\n<p><\/p>\n<p><b>5) Meu DRT ainda n\u00e3o foi emitido, posso trabalhar?<br><\/b><span style=\"font-size: 17px; font-weight: 400; text-align: var(--text-align); background-color: var(--theme-color-bg_color); color: var(--theme-color-text); letter-spacing: -0.01em;\">Sim, mediante a apresenta\u00e7\u00e3o de um contrato de trabalho e pagamento de multa \u00e9 concedida uma Autoriza\u00e7\u00e3o Especial de Trabalho para aqueles artistas ou t\u00e9cnicos que tenham uma oportunidade de emprego mas ainda n\u00e3o possuam registro profissional. Vale ressaltar que a Autoriza\u00e7\u00e3o ter\u00e1 a mesma vig\u00eancia de seu trabalho, expresso no contrato.<\/span><\/p>\n<p><\/p>\n<p><b>6) Como obter a Autoriza\u00e7\u00e3o Especial de Trabalho?<br><\/b><span style=\"font-size: 17px; font-weight: 400; text-align: var(--text-align); background-color: var(--theme-color-bg_color); color: var(--theme-color-text); letter-spacing: -0.01em;\">Com o contrato de trabalho em m\u00e3os, envie para o e-mail <\/span><a href=\"mailto:contrato@satedsp.org.br\" style=\"font-size: 17px; text-align: var(--text-align); letter-spacing: -0.01em;\"><span style=\"font-weight: 400;\">contrato@satedsp.org.br<\/span><\/a><span style=\"font-size: 17px; font-weight: 400; text-align: var(--text-align); background-color: var(--theme-color-bg_color); color: var(--theme-color-text); letter-spacing: -0.01em;\">, juntamente de seu RG, para que os respons\u00e1veis pela contrata\u00e7\u00e3o realizem os demais procedimentos. Aguarde o feedback! Ele ser\u00e1 atrav\u00e9s do e-mail.&nbsp;<\/span><\/p>\n<p><\/p>\n<p><b>7) Quem deve realizar o pagamento da Autoriza\u00e7\u00e3o de Trabalho?<br><\/b><span style=\"font-size: 17px; font-weight: 400; text-align: var(--text-align); background-color: var(--theme-color-bg_color); color: var(--theme-color-text); letter-spacing: -0.01em;\">A Autoriza\u00e7\u00e3o de Trabalho deve ser paga pelo contratante e nunca pelo artista ou t\u00e9cnico!<\/span><\/p>\n<p><\/p>\n<p><b>8) Qual \u00e9 a validade do Registro Profissional (DRT)?<br><\/b><span style=\"font-size: 17px; font-weight: 400; text-align: var(--text-align); background-color: var(--theme-color-bg_color); color: var(--theme-color-text); letter-spacing: -0.01em;\">O DRT \u00e9 um documento vital\u00edcio, ou seja, n\u00e3o vence.<\/span><\/p>\n<p><\/p>\n<p><b>9) O Registro Profissional (DRT) possui pagamento anual?<br><\/b><span style=\"font-size: 17px; font-weight: 400; text-align: var(--text-align); background-color: var(--theme-color-bg_color); color: var(--theme-color-text); letter-spacing: -0.01em;\">N\u00e3o, o DRT n\u00e3o possui nenhum tipo de pagamento mensal ou anual.<\/span><\/p>\n<p><\/p>\n<p><b>10) O Atestado de Capacita\u00e7\u00e3o emitido pelo SATED\/SP possui validade?<br><\/b><span style=\"font-size: 17px; font-weight: 400; text-align: var(--text-align); background-color: var(--theme-color-bg_color); color: var(--theme-color-text); letter-spacing: -0.01em;\">Sim, o Atestado de Capacita\u00e7\u00e3o emitido pelo SATED\/SP possui validade de 120 dias, este \u00e9 o prazo para que o requerente d\u00ea entrada no processo via Minist\u00e9rio do Trabalho.<\/span><\/p>\n<p><\/p>\n<p><b>11) Posso usar o Atestado de Capacita\u00e7\u00e3o no meu trabalho para comprovar que meu processo de obten\u00e7\u00e3o do DRT est\u00e1 em andamento?<br><\/b><span style=\"font-size: 17px; font-weight: 400; text-align: var(--text-align); background-color: var(--theme-color-bg_color); color: var(--theme-color-text); letter-spacing: -0.01em;\">Sim, mas atente-se \u00e0 validade de 120 dias!<\/span><\/p>\n<p><\/p>\n<p><b>12) N\u00e3o possuo resid\u00eancia em S\u00e3o Paulo, posso dar entrada no processo de emiss\u00e3o do Atestado de Capacita\u00e7\u00e3o atrav\u00e9s do SATED\/SP?<br><\/b><span style=\"font-size: 17px; font-weight: 400; text-align: var(--text-align); background-color: var(--theme-color-bg_color); color: var(--theme-color-text); letter-spacing: -0.01em;\">N\u00e3o, para dar entrada no processo conosco voc\u00ea deve residir em S\u00e3o Paulo h\u00e1 mais de um ano, caso n\u00e3o resida, procure o SATED mais pr\u00f3ximo de voc\u00ea.&nbsp;<\/span><\/p>\n<p><\/p>\n<p><b>13) Preciso de Carteira de Trabalho para obter o DRT?<br><\/b><span style=\"font-size: 17px; font-weight: 400; text-align: var(--text-align); background-color: var(--theme-color-bg_color); color: var(--theme-color-text); letter-spacing: -0.01em;\">Sim, \u00e9 necess\u00e1rio que possua Carteira de Trabalho f\u00edsica ou digital.<\/span><\/p>\n<p><\/p>\n<p><b>14) Minha Carteira de Trabalho n\u00e3o possui n\u00famero e s\u00e9rie, o que fa\u00e7o? <br><\/b><span style=\"font-weight: 400;\">N\u00famero da CTPS = 7 (sete) primeiros d\u00edgitos do CPF; S\u00e9rie = 4 (quatro) \u00faltimos n\u00fameros do CPF.<\/span><\/p>\n<p><\/p>\n<p><b>15) N\u00e3o consegui consultar o n\u00famero do meu DRT no site do Minist\u00e9rio do Trabalho, ele consta em minha Carteira de Trabalho. O DRT est\u00e1 inv\u00e1lido?&nbsp;<br><\/b><span style=\"font-size: 17px; font-weight: 400; text-align: var(--text-align); background-color: var(--theme-color-bg_color); color: var(--theme-color-text); letter-spacing: -0.01em;\">N\u00e3o, caso voc\u00ea possua registro em sua Carteira de Trabalho seu DRT est\u00e1 v\u00e1lido, no momento n\u00e3o consta no site do Minist\u00e9rio do Trabalho porque aos poucos o Minist\u00e9rio est\u00e1 realizando as digitaliza\u00e7\u00f5es dos registros mais antigos.<\/span><\/p>\n<p><\/p>\n<p><b>16) Perdi minha carteira de trabalho como posso solicitar uma segunda via do DRT?<\/b><b><br><\/b><span style=\"font-weight: 400;\">Acesse o site do minist\u00e9rio do Trabalho atrav\u00e9s do link: <\/span><a href=\"https:\/\/sirpweb.mte.gov.br\/sirpweb\/pages\/consultas\/situacaoRegistro.seam\"><span style=\"font-weight: 400;\">https:\/\/sirpweb.mte.gov.br\/sirpweb\/pages\/consultas\/situacaoRegistro.seam<\/span><\/a><br><span style=\"font-size: 17px; font-weight: 400; text-align: var(--text-align); background-color: var(--theme-color-bg_color); color: var(--theme-color-text); letter-spacing: -0.01em;\">Preencha seus dados e emita o Registro Profissional digital.<\/span><\/p>\n<p><\/p>\n<p><b>17) Temos contato direto com o Minist\u00e9rio do Trabalho?&nbsp;<br><\/b><span style=\"font-size: 17px; font-weight: 400; text-align: var(--text-align); background-color: var(--theme-color-bg_color); color: var(--theme-color-text); letter-spacing: -0.01em;\">N\u00e3o possu\u00edmos contato direto com o Minist\u00e9rio do Trabalho.<\/span><\/p>\n<p><\/p>\n<p><b>18) Quais profiss\u00f5es podem se sindicalizar ao SATED\/SP?<br><\/b><span style=\"font-size: 17px; text-align: var(--text-align); background-color: var(--theme-color-bg_color); color: var(--theme-color-text); letter-spacing: -0.01em; font-weight: 400;\">Todas as profiss\u00f5es que constam em nosso site, acesse nossas abas QUEM SOMOS&gt; PROFISS\u00d5ES.<\/span><\/p>\n<p><\/p>\n<p><b>19) Ter o registro profissional (DRT) significa que j\u00e1 sou sindicalizado?<br><\/b><span style=\"font-size: 17px; font-weight: 400; text-align: var(--text-align); background-color: var(--theme-color-bg_color); color: var(--theme-color-text); letter-spacing: -0.01em;\">N\u00e3o, o registro profissional, tamb\u00e9m conhecido como <\/span><b style=\"font-family: inherit; font-style: inherit; text-align: var(--text-align); background-color: var(--theme-color-bg_color); color: var(--theme-color-text); letter-spacing: -0.01em;\">DRT<\/b><span style=\"font-size: 17px; font-weight: 400; text-align: var(--text-align); background-color: var(--theme-color-bg_color); color: var(--theme-color-text); letter-spacing: -0.01em;\"> (abrevia\u00e7\u00e3o de Delegacia Regional do Trabalho, \u00f3rg\u00e3o que antes emitia o registro), \u00e9 um documento oficial que reconhece a habilita\u00e7\u00e3o e a autoriza\u00e7\u00e3o para o exerc\u00edcio de determinadas profiss\u00f5es regulamentadas no Brasil. Esse registro \u00e9 emitido pelo Minist\u00e9rio do Trabalho e Emprego (MTE) ou pela Superintend\u00eancia Regional do Trabalho e Emprego (SRTE).&nbsp;<br><\/span><span style=\"font-size: 17px; font-weight: 400; text-align: var(--text-align); background-color: var(--theme-color-bg_color); color: var(--theme-color-text); letter-spacing: -0.01em;\">A sindicaliza\u00e7\u00e3o (ou associa\u00e7\u00e3o ao sindicato) \u00e9 um passo importante para qualquer trabalhador que deseja proteger seus direitos, participar de decis\u00f5es coletivas e fortalecer sua voz no ambiente de trabalho. Os sindicatos s\u00e3o entidades que representam os interesses de categorias profissionais, funcionando como intermedi\u00e1rios entre os trabalhadores e os empregadores. Para se associar ao sindicato, \u00e9 obrigat\u00f3ria a apresenta\u00e7\u00e3o do registro profissional.&nbsp;<\/span><\/p>\n<p><\/p>\n<p><b>20) Como fa\u00e7o para obter minha carteirinha de sindicalizado?<br><\/b><span style=\"font-size: 17px; font-weight: 400; text-align: var(--text-align); background-color: var(--theme-color-bg_color); color: var(--theme-color-text); letter-spacing: -0.01em;\">Ap\u00f3s preencher o Requerimento em nosso site e pagar a anuidade, nas abas SEJA S\u00d3CIO&gt; FILIE-SE, o nosso setor de Sindicaliza\u00e7\u00e3o entrar\u00e1 em contato com voc\u00ea e enviar\u00e1 a carteirinha digital de sindicalizado, sendo o processo totalmente online.<\/span><\/p>\n<p><\/p>\n<p><b>21) Quais os benef\u00edcios?&nbsp;<br><\/b><span style=\"font-size: 17px; font-weight: 400; text-align: var(--text-align); background-color: var(--theme-color-bg_color); color: var(--theme-color-text); letter-spacing: -0.01em;\">Ao se sindicalizar, o trabalhador deixa de agir isoladamente e passa a fazer parte de uma comunidade que luta coletivamente por melhores condi\u00e7\u00f5es de trabalho e pela valoriza\u00e7\u00e3o profissional. Essa uni\u00e3o \u00e9 essencial para enfrentar desafios e construir um ambiente de trabalho mais justo e equilibrado para todos. Al\u00e9m disso, como uma entidade de gest\u00e3o coletiva, os seus associados tamb\u00e9m acessam benef\u00edcios e parcerias que podem ser conferidos atrav\u00e9s da aba SEJA S\u00d3CIO &gt; BENEF\u00cdCIOS.<\/span><\/p>\n<p><\/p>\n<p><b>22) Posso utilizar os conv\u00eanios ap\u00f3s efetivar minha sindicaliza\u00e7\u00e3o?<br><\/b><span style=\"font-size: 17px; font-weight: 400; text-align: var(--text-align); background-color: var(--theme-color-bg_color); color: var(--theme-color-text); letter-spacing: -0.01em;\">Sim! Ap\u00f3s efetivar sua sindicaliza\u00e7\u00e3o voc\u00ea j\u00e1 pode usufruir de seus benef\u00edcios.&nbsp;<\/span><\/p>\n<p><\/p>\n<p><b>23) O que \u00e9 a Carteirinha Mirim?&nbsp;<br><\/b><span style=\"font-size: 17px; font-weight: 400; text-align: var(--text-align); background-color: var(--theme-color-bg_color); color: var(--theme-color-text); letter-spacing: -0.01em;\">Como n\u00e3o \u00e9 poss\u00edvel obter o registro profisional (DRT) para artistas mirins, essas crian\u00e7as\/adolescentes podem se tornar s\u00f3cios do SATED\/SP, obtendo a carteira de \u201cArtista-Mirim\u201d. N\u00e3o \u00e9 obrigat\u00f3rio,mas \u00e9 importante para acolhimento da crian\u00e7a\/adolescente e orienta\u00e7\u00e3o dos pais ou respons\u00e1veis, al\u00e9m de ser um documento relevante para juntar no pedido judicial de autoriza\u00e7\u00e3o de trabalho. Lembrando que, para que uma crian\u00e7a ou adolescente possa atuar como artista mirim, \u00e9 necess\u00e1ria uma <\/span><b style=\"font-family: inherit; font-style: inherit; text-align: var(--text-align); background-color: var(--theme-color-bg_color); color: var(--theme-color-text); letter-spacing: -0.01em;\">autoriza\u00e7\u00e3o judicial<\/b><span style=\"font-size: 17px; font-weight: 400; text-align: var(--text-align); background-color: var(--theme-color-bg_color); color: var(--theme-color-text); letter-spacing: -0.01em;\"> emitida por um juiz da Vara da Inf\u00e2ncia e Juventude. Essa autoriza\u00e7\u00e3o \u00e9 concedida caso sejam cumpridos crit\u00e9rios que garantam a prote\u00e7\u00e3o dos direitos do menor.<\/span><\/p>\n<p><\/p>\n<p><b>24) Como fazer uma den\u00fancia?&nbsp;<br><\/b><span style=\"font-size: 17px; font-weight: 400; text-align: var(--text-align); background-color: var(--theme-color-bg_color); color: var(--theme-color-text); letter-spacing: -0.01em;\">Voc\u00ea pode realizar uma den\u00fancia atrav\u00e9s do e-mail <\/span><a href=\"mailto:reclamesatedsp@satedsp.org.br\" style=\"font-size: 17px; text-align: var(--text-align); letter-spacing: -0.01em;\"><span style=\"font-weight: 400;\">reclamesatedsp@satedsp.org.br<\/span><\/a><\/p>\n<p><\/p>\n<p><b>25) Como fa\u00e7o para utilizar a sala de ensaios do SATED\/SP?<br><\/b><span style=\"font-size: 17px; font-weight: 400; text-align: var(--text-align); background-color: var(--theme-color-bg_color); color: var(--theme-color-text); letter-spacing: -0.01em;\">Para agendar a sala de ensaio voc\u00ea deve ser sindicalizado, caso seja um grupo, 50% do grupo deve ser sindicalizado! Nossos hor\u00e1rios s\u00e3o de segunda \u00e0 sexta, das 9:30 at\u00e9 12h e das 14:30 \u00e0s 16:30. Para agendar entre em contato com o WhatsApp: (11) 95421-1217<\/span><\/p>\t\t\t\t\t\t\t\t<\/div>\n\t\t\t\t<\/div>\n\t\t\t\t\t<\/div>\n\t\t\t\t<\/div>\n\t\t\t\t<\/div>\n\t\t","protected":false},"excerpt":{"rendered":"<p>Perguntas Frequentes 1) Como obtenho meu Registro Profissional (DRT)?Existem duas formas de obter o Registro Profissional (DRT):&#8211; Cursos: Atrav\u00e9s de forma\u00e7\u00e3o em escolas ou universidades que s\u00e3o registradas pelo MEC, assim, ao finalizar o curso a escola ir\u00e1 conceder o certificado, documento que deve ser protocolado no Minist\u00e9rio do Trabalho atrav\u00e9s de sua conta no&hellip;<\/p>\n","protected":false},"author":1,"featured_media":0,"parent":0,"menu_order":0,"comment_status":"closed","ping_status":"closed","template":"","meta":{"cybocfi_hide_featured_image":"","footnotes":""},"class_list":["post-20114","page","type-page","status-publish","hentry"],"_links":{"self":[{"href":"https:\/\/satedsp.org.br\/index.php\/wp-json\/wp\/v2\/pages\/20114","targetHints":{"allow":["GET"]}}],"collection":[{"href":"https:\/\/satedsp.org.br\/index.php\/wp-json\/wp\/v2\/pages"}],"about":[{"href":"https:\/\/satedsp.org.br\/index.php\/wp-json\/wp\/v2\/types\/page"}],"author":[{"embeddable":true,"href":"https:\/\/satedsp.org.br\/index.php\/wp-json\/wp\/v2\/users\/1"}],"replies":[{"embeddable":true,"href":"https:\/\/satedsp.org.br\/index.php\/wp-json\/wp\/v2\/comments?post=20114"}],"version-history":[{"count":10,"href":"https:\/\/satedsp.org.br\/index.php\/wp-json\/wp\/v2\/pages\/20114\/revisions"}],"predecessor-version":[{"id":20576,"href":"https:\/\/satedsp.org.br\/index.php\/wp-json\/wp\/v2\/pages\/20114\/revisions\/20576"}],"wp:attachment":[{"href":"https:\/\/satedsp.org.br\/index.php\/wp-json\/wp\/v2\/media?parent=20114"}],"curies":[{"name":"wp","href":"https:\/\/api.w.org\/{rel}","templated":true}]}}