{"id":2302,"date":"2018-08-07T13:33:02","date_gmt":"2018-08-07T16:33:02","guid":{"rendered":"http:\/\/www.satedsp.org.br\/?page_id=2302"},"modified":"2018-08-07T13:33:02","modified_gmt":"2018-08-07T16:33:02","slug":"cinema-e-audiovisual","status":"publish","type":"page","link":"https:\/\/satedsp.org.br\/index.php\/acordos\/cinema-e-audiovisual\/","title":{"rendered":"Cinema e Audiovisual"},"content":{"rendered":"<p><a href=\"https:\/\/www.satedsp.org.br\/wp-content\/uploads\/2021\/10\/TEXTO-FINALIZADO-da-Pauta-Reinvindicatoria-Audiovisual-2020-2021.pdf\">Pauta Reinvindicat\u00f3ria Audiovisual 2022-2023<\/a><\/p>\n<p><a href=\"https:\/\/www.satedsp.org.br\/wp-content\/uploads\/pdf\/DISSIDIO_coletivo_cinema_2017-2018.pdf\" target=\"_blank\" rel=\"noopener\">Diss\u00eddio coletivo de Cinema 2017-2018<\/a><\/p>\n<p><a href=\"https:\/\/www.satedsp.org.br\/wp-content\/uploads\/pdf\/sentenca_normativa_cinema_2013-2017.pdf\" target=\"_blank\" rel=\"noopener\">Senten\u00e7a Normativa &#8211; Cinema &#8211; Diss\u00eddio Coletivo 2013-2017<\/a><\/p>\n<p><a href=\"https:\/\/www.satedsp.org.br\/wp-content\/uploads\/pdf\/CONVENCAO_COLETIVA_DE_TRABALHO_2012.pdf\" target=\"_blank\" rel=\"noopener\">Conven\u00e7\u00e3o coletiva de Radio e TV 2012\/2014<\/a><\/p>\n<p><a href=\"https:\/\/www.satedsp.org.br\/wp-content\/uploads\/pdf\/cinema_2013_2014.pdf\" target=\"_blank\" rel=\"noopener\">Cinema 2013\/2014<\/a><\/p>\n","protected":false},"excerpt":{"rendered":"<p>Pauta Reinvindicat\u00f3ria Audiovisual 2022-2023 Diss\u00eddio coletivo de Cinema 2017-2018 Senten\u00e7a Normativa &#8211; Cinema &#8211; Diss\u00eddio Coletivo 2013-2017 Conven\u00e7\u00e3o coletiva de Radio e TV 2012\/2014 Cinema 2013\/2014<\/p>\n","protected":false},"author":1,"featured_media":0,"parent":17065,"menu_order":0,"comment_status":"closed","ping_status":"closed","template":"","meta":{"cybocfi_hide_featured_image":"","footnotes":""},"class_list":["post-2302","page","type-page","status-publish","hentry"],"_links":{"self":[{"href":"https:\/\/satedsp.org.br\/index.php\/wp-json\/wp\/v2\/pages\/2302","targetHints":{"allow":["GET"]}}],"collection":[{"href":"https:\/\/satedsp.org.br\/index.php\/wp-json\/wp\/v2\/pages"}],"about":[{"href":"https:\/\/satedsp.org.br\/index.php\/wp-json\/wp\/v2\/types\/page"}],"author":[{"embeddable":true,"href":"https:\/\/satedsp.org.br\/index.php\/wp-json\/wp\/v2\/users\/1"}],"replies":[{"embeddable":true,"href":"https:\/\/satedsp.org.br\/index.php\/wp-json\/wp\/v2\/comments?post=2302"}],"version-history":[{"count":0,"href":"https:\/\/satedsp.org.br\/index.php\/wp-json\/wp\/v2\/pages\/2302\/revisions"}],"up":[{"embeddable":true,"href":"https:\/\/satedsp.org.br\/index.php\/wp-json\/wp\/v2\/pages\/17065"}],"wp:attachment":[{"href":"https:\/\/satedsp.org.br\/index.php\/wp-json\/wp\/v2\/media?parent=2302"}],"curies":[{"name":"wp","href":"https:\/\/api.w.org\/{rel}","templated":true}]}}

<p><a href="https://www.satedsp.org.br/wp-content/uploads/2021/10/TEXTO-FINALIZADO-da-Pauta-Reinvindicatoria-Audiovisual-2020-2021.pdf">Pauta Reinvindicatória Audiovisual 2022-2023</a></p>
<p><a href="https://www.satedsp.org.br/wp-content/uploads/pdf/DISSIDIO_coletivo_cinema_2017-2018.pdf" target="_blank" rel="noopener">Dissídio coletivo de Cinema 2017-2018</a></p>
<p><a href="https://www.satedsp.org.br/wp-content/uploads/pdf/sentenca_normativa_cinema_2013-2017.pdf" target="_blank" rel="noopener">Sentença Normativa &#8211; Cinema &#8211; Dissídio Coletivo 2013-2017</a></p>
<p><a href="https://www.satedsp.org.br/wp-content/uploads/pdf/CONVENCAO_COLETIVA_DE_TRABALHO_2012.pdf" target="_blank" rel="noopener">Convenção coletiva de Radio e TV 2012/2014</a></p>
<p><a href="https://www.satedsp.org.br/wp-content/uploads/pdf/cinema_2013_2014.pdf" target="_blank" rel="noopener">Cinema 2013/2014</a></p>

<p>Pauta Reinvindicatória Audiovisual 2022-2023 Dissídio coletivo de Cinema 2017-2018 Sentença Normativa &#8211; Cinema &#8211; Dissídio Coletivo 2013-2017 Convenção coletiva de Radio e TV 2012/2014 Cinema 2013/2014</p>
